{"id":63,"date":"2022-08-25T19:20:13","date_gmt":"2022-08-25T17:20:13","guid":{"rendered":"http:\/\/www.bkcooperation.be\/BKC\/?page_id=63"},"modified":"2023-03-15T15:37:19","modified_gmt":"2023-03-15T14:37:19","slug":"la-pepiniere-de-reo","status":"publish","type":"page","link":"https:\/\/www.bkcooperation.be\/BKC\/index.php\/la-pepiniere-de-reo\/","title":{"rendered":"La p\u00e9pini\u00e8re de R\u00e9o"},"content":{"rendered":"<p>Depuis quelques ann\u00e9es, BKC travaille en collaboration avec <strong>l\u2019association Club CPN \u00ab les amis de la nature \u00bb<\/strong> qui est une organisation active sur le terrain pour d\u00e9fendre la nature, les milieux et les ressources naturelles.<\/p>\n<p>Ils ont notamment cr\u00e9\u00e9 <font color=#F2C735>la p\u00e9pini\u00e8re de R\u00e9o<\/font> en 1997. Ce projet est n\u00e9 du fait qu\u2019au Burkina Faso, les changements climatiques provoquent des d\u00e9sertifications importantes. En effet, le Burkina Faso poss\u00e8de un climat tropical de type sah\u00e9lien. Le pays connait donc deux saisons : la saison des pluies et la saison s\u00e8che. Ces changements de climat ont des cons\u00e9quences sur les sols tant par les inondations abondantes \u00e9rodant les sols que par la s\u00e9cheresse mena\u00e7ant les cultures. Une des strat\u00e9gies mise en place pour lutter contre la d\u00e9sertification \u00e9tait la <strong>cr\u00e9ation de p\u00e9pini\u00e8re<\/strong>. <\/p>\n<p>C\u2019est dans cet \u00e9lan que l\u2019association Club CPN a cr\u00e9\u00e9 <font color=#F2C735>la p\u00e9pini\u00e8re de R\u00e9o<\/font> d\u2019une superficie de 200 m\u00e8tres carr\u00e9s et qui est s\u00e9curis\u00e9e aujourd\u2019hui par une cl\u00f4ture grillag\u00e9e. Un puits a \u00e9t\u00e9 creus\u00e9 pour permettre d\u2019arroser les jeunes plants deux fois par jour.<\/p>\n<p>BKC finance des \u00e9quipements et du mat\u00e9riel pour l\u2019entretien, les sachets et graines, etc. Chaque ann\u00e9e, environ 4.000 arbres sont repiqu\u00e9s, avec principalement les esp\u00e8ces suivantes : <em>neem, cacia, eucalyptus, n\u00e9r\u00e9, baoabab, jujubier, tamarinier, acacia nilotica,<\/em> etc en fonction du sol.<br \/>\nEn 2023, avec l\u2019agrandissement de la r\u00e9serve de Sandi\u00e9, l\u2019 objectif est de reboiser 8.000 arbres.<\/p>\n<p><center><em><img loading=\"lazy\" decoding=\"async\" src=\"https:\/\/www.bkcooperation.be\/BKC\/wp-content\/uploads\/2023\/03\/IMG_1167-224x300.jpg\" alt=\"\" width=\"224\" height=\"300\" class=\"alignnone size-medium wp-image-249\" srcset=\"https:\/\/www.bkcooperation.be\/BKC\/wp-content\/uploads\/2023\/03\/IMG_1167-224x300.jpg 224w, https:\/\/www.bkcooperation.be\/BKC\/wp-content\/uploads\/2023\/03\/IMG_1167-765x1024.jpg 765w, https:\/\/www.bkcooperation.be\/BKC\/wp-content\/uploads\/2023\/03\/IMG_1167-768x1028.jpg 768w, https:\/\/www.bkcooperation.be\/BKC\/wp-content\/uploads\/2023\/03\/IMG_1167-1147x1536.jpg 1147w, https:\/\/www.bkcooperation.be\/BKC\/wp-content\/uploads\/2023\/03\/IMG_1167-1530x2048.jpg 1530w, https:\/\/www.bkcooperation.be\/BKC\/wp-content\/uploads\/2023\/03\/IMG_1167-45x60.jpg 45w, https:\/\/www.bkcooperation.be\/BKC\/wp-content\/uploads\/2023\/03\/IMG_1167-scaled.jpg 1912w\" sizes=\"auto, (max-width: 224px) 100vw, 224px\" \/> <img loading=\"lazy\" decoding=\"async\" src=\"https:\/\/www.bkcooperation.be\/BKC\/wp-content\/uploads\/2023\/03\/IMG_1168-224x300.jpg\" alt=\"\" width=\"224\" height=\"300\" class=\"alignnone size-medium wp-image-250\" srcset=\"https:\/\/www.bkcooperation.be\/BKC\/wp-content\/uploads\/2023\/03\/IMG_1168-224x300.jpg 224w, https:\/\/www.bkcooperation.be\/BKC\/wp-content\/uploads\/2023\/03\/IMG_1168-765x1024.jpg 765w, https:\/\/www.bkcooperation.be\/BKC\/wp-content\/uploads\/2023\/03\/IMG_1168-768x1028.jpg 768w, https:\/\/www.bkcooperation.be\/BKC\/wp-content\/uploads\/2023\/03\/IMG_1168-1147x1536.jpg 1147w, https:\/\/www.bkcooperation.be\/BKC\/wp-content\/uploads\/2023\/03\/IMG_1168-1530x2048.jpg 1530w, https:\/\/www.bkcooperation.be\/BKC\/wp-content\/uploads\/2023\/03\/IMG_1168-45x60.jpg 45w, https:\/\/www.bkcooperation.be\/BKC\/wp-content\/uploads\/2023\/03\/IMG_1168-scaled.jpg 1912w\" sizes=\"auto, (max-width: 224px) 100vw, 224px\" \/><\/em><\/p>\n<p>\n","protected":false},"excerpt":{"rendered":"<p>Depuis quelques ann\u00e9es, BKC travaille en collaboration avec l\u2019association Club CPN \u00ab les amis de la nature \u00bb qui est une organisation active sur le &hellip; <\/p>\n","protected":false},"author":1,"featured_media":0,"parent":0,"menu_order":0,"comment_status":"closed","ping_status":"closed","template":"","meta":{"footnotes":""},"class_list":["post-63","page","type-page","status-publish","hentry"],"_links":{"self":[{"href":"https:\/\/www.bkcooperation.be\/BKC\/index.php\/wp-json\/wp\/v2\/pages\/63","targetHints":{"allow":["GET"]}}],"collection":[{"href":"https:\/\/www.bkcooperation.be\/BKC\/index.php\/wp-json\/wp\/v2\/pages"}],"about":[{"href":"https:\/\/www.bkcooperation.be\/BKC\/index.php\/wp-json\/wp\/v2\/types\/page"}],"author":[{"embeddable":true,"href":"https:\/\/www.bkcooperation.be\/BKC\/index.php\/wp-json\/wp\/v2\/users\/1"}],"replies":[{"embeddable":true,"href":"https:\/\/www.bkcooperation.be\/BKC\/index.php\/wp-json\/wp\/v2\/comments?post=63"}],"version-history":[{"count":3,"href":"https:\/\/www.bkcooperation.be\/BKC\/index.php\/wp-json\/wp\/v2\/pages\/63\/revisions"}],"predecessor-version":[{"id":251,"href":"https:\/\/www.bkcooperation.be\/BKC\/index.php\/wp-json\/wp\/v2\/pages\/63\/revisions\/251"}],"wp:attachment":[{"href":"https:\/\/www.bkcooperation.be\/BKC\/index.php\/wp-json\/wp\/v2\/media?parent=63"}],"curies":[{"name":"wp","href":"https:\/\/api.w.org\/{rel}","templated":true}]}}

La pépinière de Réo

<p>Depuis quelques années, BKC travaille en collaboration avec <strong>l’association Club CPN « les amis de la nature »</strong> qui est une organisation active sur le terrain pour défendre la nature, les milieux et les ressources naturelles.</p>
<p>Ils ont notamment créé <font color=#F2C735>la pépinière de Réo</font> en 1997. Ce projet est né du fait qu’au Burkina Faso, les changements climatiques provoquent des désertifications importantes. En effet, le Burkina Faso possède un climat tropical de type sahélien. Le pays connait donc deux saisons : la saison des pluies et la saison sèche. Ces changements de climat ont des conséquences sur les sols tant par les inondations abondantes érodant les sols que par la sécheresse menaçant les cultures. Une des stratégies mise en place pour lutter contre la désertification était la <strong>création de pépinière</strong>. </p>
<p>C’est dans cet élan que l’association Club CPN a créé <font color=#F2C735>la pépinière de Réo</font> d’une superficie de 200 mètres carrés et qui est sécurisée aujourd’hui par une clôture grillagée. Un puits a été creusé pour permettre d’arroser les jeunes plants deux fois par jour.</p>
<p>BKC finance des équipements et du matériel pour l’entretien, les sachets et graines, etc. Chaque année, environ 4.000 arbres sont repiqués, avec principalement les espèces suivantes : <em>neem, cacia, eucalyptus, néré, baoabab, jujubier, tamarinier, acacia nilotica,</em> etc en fonction du sol.<br />
En 2023, avec l’agrandissement de la réserve de Sandié, l’ objectif est de reboiser 8.000 arbres.</p>
<p><center><em><img loading="lazy" decoding="async" src="https://www.bkcooperation.be/BKC/wp-content/uploads/2023/03/IMG_1167-224x300.jpg" alt="" width="224" height="300" class="alignnone size-medium wp-image-249" srcset="https://www.bkcooperation.be/BKC/wp-content/uploads/2023/03/IMG_1167-224x300.jpg 224w, https://www.bkcooperation.be/BKC/wp-content/uploads/2023/03/IMG_1167-765x1024.jpg 765w, https://www.bkcooperation.be/BKC/wp-content/uploads/2023/03/IMG_1167-768x1028.jpg 768w, https://www.bkcooperation.be/BKC/wp-content/uploads/2023/03/IMG_1167-1147x1536.jpg 1147w, https://www.bkcooperation.be/BKC/wp-content/uploads/2023/03/IMG_1167-1530x2048.jpg 1530w, https://www.bkcooperation.be/BKC/wp-content/uploads/2023/03/IMG_1167-45x60.jpg 45w, https://www.bkcooperation.be/BKC/wp-content/uploads/2023/03/IMG_1167-scaled.jpg 1912w" sizes="auto, (max-width: 224px) 100vw, 224px" /> <img loading="lazy" decoding="async" src="https://www.bkcooperation.be/BKC/wp-content/uploads/2023/03/IMG_1168-224x300.jpg" alt="" width="224" height="300" class="alignnone size-medium wp-image-250" srcset="https://www.bkcooperation.be/BKC/wp-content/uploads/2023/03/IMG_1168-224x300.jpg 224w, https://www.bkcooperation.be/BKC/wp-content/uploads/2023/03/IMG_1168-765x1024.jpg 765w, https://www.bkcooperation.be/BKC/wp-content/uploads/2023/03/IMG_1168-768x1028.jpg 768w, https://www.bkcooperation.be/BKC/wp-content/uploads/2023/03/IMG_1168-1147x1536.jpg 1147w, https://www.bkcooperation.be/BKC/wp-content/uploads/2023/03/IMG_1168-1530x2048.jpg 1530w, https://www.bkcooperation.be/BKC/wp-content/uploads/2023/03/IMG_1168-45x60.jpg 45w, https://www.bkcooperation.be/BKC/wp-content/uploads/2023/03/IMG_1168-scaled.jpg 1912w" sizes="auto, (max-width: 224px) 100vw, 224px" /></em></p>
<p>

<p>Depuis quelques années, BKC travaille en collaboration avec l’association Club CPN « les amis de la nature » qui est une organisation active sur le &hellip; </p>
